{"id":879,"date":"2016-08-11T01:06:36","date_gmt":"2016-08-11T00:06:36","guid":{"rendered":"http:\/\/vernoux.info\/vivre-en-ardeche\/?page_id=879"},"modified":"2016-08-11T02:53:41","modified_gmt":"2016-08-11T01:53:41","slug":"radios-fm","status":"publish","type":"page","link":"http:\/\/vernoux.info\/vivre-en-ardeche\/radios-fm\/","title":{"rendered":"Les radios FM"},"content":{"rendered":"<p>Parmi toutes les radios FM qui existent en France, il y en a s\u00fbrement une \u00e0 votre go\u00fbt dans cette liste. N\u00e9anmoins, <a href=\"http:\/\/www.radio.fr\/\" target=\"_blank\">radio.fr<\/a> en a plus encore.<br \/>\nBonne \u00e9coute !<br \/>\n<script src=\"http:\/\/www.vernoux.info\/fichiers\/radio\/syxy_radio.js\" type=\"text\/javascript\"><\/script><br \/>\n<script src=\"http:\/\/www.vernoux.info\/fichiers\/radio\/miam.js\"><\/script><\/p>\n<style>\n.case {\n  float:left;\n  width: 120px;\n  margin: 5px;  \n  text-align:center;\n}\na {\nborder: 0px;\n}\nimg {\n  border-bottom: solid 1px #000000;\n}\n.fbda{\n  width: 100%;\n}\n<\/style>\n<div class=\"case fbda\">\n<div class=\"logo\"><a  target=\"_blank\" href=\"https:\/\/www.francebleu.fr\/drome-ardeche\"><img src=\"http:\/\/www.vernoux.info\/fichiers\/radio\/france-bleu-drome-ardeche.png\" \/><\/div>\n<p><label>francebleu<\/label><\/a>\n<\/div>\n<div class=\"case\">\n<div class=\"logo\"><a  target=\"_blank\" href=\"http:\/\/www.nrj.fr\"><a  target=\"_blank\"><img src=\"http:\/\/www.vernoux.info\/fichiers\/radio\/nrj.png\" \/><\/div>\n<p><label>NRJ<\/label><\/a>\n<\/div>\n<div class=\"case\">\n<div class=\"logo\"><a  target=\"_blank\" href=\"http:\/\/www.funradio.fr\"><img src=\"http:\/\/www.vernoux.info\/fichiers\/radio\/fun.png\" \/><\/div>\n<p><label>Fun Radio<\/label><\/a>\n<\/div>\n<div class=\"case\">\n<div class=\"logo\"><a  target=\"_blank\" href=\"http:\/\/www.adofm.fr\"><img src=\"http:\/\/www.vernoux.info\/fichiers\/radio\/ado.png\" \/><\/div>\n<p><label>Ado<\/label><\/a>\n<\/div>\n<div class=\"case\">\n<div class=\"logo\"><a  target=\"_blank\" href=\"http:\/\/www.mouv.fr\"><img src=\"http:\/\/www.vernoux.info\/fichiers\/radio\/mou.png\" border=\"0\" \/><\/div>\n<p><label>Mouv&rsquo;<\/label><\/a>\n<\/div>\n<div class=\"case\">\n<div class=\"logo\"><a  target=\"_blank\" href=\"http:\/\/www.ouifm.fr\"><img src=\"http:\/\/www.vernoux.info\/fichiers\/radio\/oui.png\" \/><\/div>\n<p><label>Oui FM<\/label><\/a>\n<\/div>\n<div class=\"case\">\n<div class=\"logo\"><a  target=\"_blank\" href=\"http:\/\/www.mycontact.fr\"><img src=\"http:\/\/www.vernoux.info\/fichiers\/radio\/contact.png\" \/><\/div>\n<p><label>Contact<\/label><\/a>\n<\/div>\n<div class=\"case\">\n<div class=\"logo\"><a  target=\"_blank\" href=\"http:\/\/www.enjoystation.net\/\"><img src=\"http:\/\/www.vernoux.info\/fichiers\/radio\/enjoy.png\" \/><\/div>\n<p><label>Enjoy<\/label><\/a>\n<\/div>\n<div class=\"case\">\n<div class=\"logo\"><a  target=\"_blank\" href=\"http:\/\/www.virginradio.fr\"><img loading=\"lazy\" src=\"http:\/\/www.vernoux.info\/fichiers\/radio\/virgin.png\" width=\"120\" height=\"65\" border=\"0\" \/><\/div>\n<p><label>Virgin Radio<\/label><\/a>\n<\/div>\n<div class=\"case\">\n<div class=\"logo\"><a  target=\"_blank\" href=\"http:\/\/www.vibration.fr\/\"><img loading=\"lazy\" src=\"http:\/\/www.vernoux.info\/fichiers\/radio\/vib.png\" width=\"120\" height=\"65\" border=\"0\" \/><\/div>\n<p><label>Vibration<\/label><\/a>\n<\/div>\n<div class=\"case\">\n<div class=\"logo\"><a  target=\"_blank\" href=\"http:\/\/hotmixradio.fr\"><img src=\"http:\/\/www.vernoux.info\/fichiers\/radio\/hotmix.png\" \/><\/div>\n<p><label>Hot Mix Radio<\/label><\/a>\n<\/div>\n<div class=\"case\">\n<div class=\"logo\"><a  target=\"_blank\" href=\"http:\/\/www.radiofg.com\"><img src=\"http:\/\/www.vernoux.info\/fichiers\/radio\/radio_fg.png\" \/><\/div>\n<p><label>Radio FG<\/label><\/a>\n<\/div>\n<div class=\"case\">\n<div class=\"logo\"><a  target=\"_blank\" href=\"http:\/\/www.novaplanet.com\"><img loading=\"lazy\" src=\"http:\/\/www.vernoux.info\/fichiers\/radio\/nova.png\" width=\"120\" height=\"65\" border=\"0\" \/><\/div>\n<p><label>Radio Nova<\/label><\/a>\n<\/div>\n<div class=\"case\">\n<div class=\"logo\"><a  target=\"_blank\" href=\"http:\/\/www.couleur3.ch\"><img src=\"http:\/\/www.vernoux.info\/fichiers\/radio\/c3.png\" \/><\/div>\n<p><label>Couleur 3<\/label><\/a>\n<\/div>\n<div class=\"case\">\n<div class=\"logo\"><a  target=\"_blank\" href=\"http:\/\/www.voltage.fr\"><img src=\"http:\/\/www.vernoux.info\/fichiers\/radio\/voltage.png\" \/><\/div>\n<p><label>Voltage<\/label><\/a>\n<\/div>\n<div class=\"case\">\n<div class=\"logo\"><a  target=\"_blank\" href=\"http:\/\/www.rireetchansons.fr\"><img loading=\"lazy\" src=\"http:\/\/www.vernoux.info\/fichiers\/radio\/rire.png\" width=\"120\" height=\"65\" border=\"0\" \/><\/div>\n<p><label>Rire &amp; Chansons<\/label><\/a>\n<\/div>\n<div class=\"case\">\n<div class=\"logo\"><a  target=\"_blank\" href=\"http:\/\/www.rfm.fr\"><img loading=\"lazy\" src=\"http:\/\/www.vernoux.info\/fichiers\/radio\/rfm.png\" width=\"120\" height=\"65\" border=\"0\" \/><\/div>\n<p><label>RFM<\/label><\/a>\n<\/div>\n<div class=\"case\">\n<div class=\"logo\"><a  target=\"_blank\" href=\"http:\/\/www.rtl2.fr\"><img src=\"http:\/\/www.vernoux.info\/fichiers\/radio\/rtl2.png\" \/><\/div>\n<p><label>RTL 2<\/label><\/a>\n<\/div>\n<div class=\"case\">\n<div class=\"logo\"><a  target=\"_blank\" href=\"http:\/\/www.cherie.fm\"><img src=\"http:\/\/www.vernoux.info\/fichiers\/radio\/cherie_fm.png\" \/><\/div>\n<p><label>Ch\u00e9rie FM<\/label><\/a>\n<\/div>\n<div class=\"case\">\n<div class=\"logo\"><a  target=\"_blank\" href=\"http:\/\/www.nostalgie.fr\/\"><img loading=\"lazy\" src=\"http:\/\/www.vernoux.info\/fichiers\/radio\/nostalgie.png\" width=\"120\" height=\"65\" border=\"0\" \/><\/div>\n<p><label>Nostalgie<\/label><\/a>\n<\/div>\n<div class=\"case\">\n<div class=\"logo\"><a  target=\"_blank\" href=\"http:\/\/www.mfmradio.fr\"><img src=\"http:\/\/www.vernoux.info\/fichiers\/radio\/mfm.png\" \/><\/div>\n<p><label>MFM Radio<\/label><\/a>\n<\/div>\n<div class=\"case\">\n<div class=\"logo\"><a  target=\"_blank\" href=\"http:\/\/www.franceinfo.fr\"><img src=\"http:\/\/www.vernoux.info\/fichiers\/radio\/france-info.png\" \/><\/div>\n<p><label>France Info<\/label><\/a>\n<\/div>\n<div class=\"case\">\n<div class=\"logo\"><a  target=\"_blank\" href=\"http:\/\/www.franceinter.fr\"><img src=\"http:\/\/www.vernoux.info\/fichiers\/radio\/france-inter.png\" \/><\/div>\n<p><label>France Inter<\/label><\/a>\n<\/div>\n<div class=\"case\">\n<div class=\"logo\"><a  target=\"_blank\" href=\"http:\/\/www.rtl.fr\"><img src=\"http:\/\/www.vernoux.info\/fichiers\/radio\/rtl.png\" \/><\/div>\n<p><label>RTL<\/label><\/a>\n<\/div>\n<div class=\"case\">\n<div class=\"logo\"><a  target=\"_blank\" href=\"http:\/\/www.europe1.fr\"><img src=\"http:\/\/www.vernoux.info\/fichiers\/radio\/europe1.png\" \/><\/div>\n<p><label>Europe 1<\/label><\/a>\n<\/div>\n<div class=\"case\">\n<div class=\"logo\"><a  target=\"_blank\" href=\"http:\/\/www.rmc.fr\"><img src=\"http:\/\/www.vernoux.info\/fichiers\/radio\/rmc.png\" \/><\/div>\n<p><label>RMC<\/label><\/a>\n<\/div>\n<div class=\"case\">\n<div class=\"logo\"><a  target=\"_blank\" href=\"http:\/\/www.bfmtv.com\/economie\"><img src=\"http:\/\/www.vernoux.info\/fichiers\/radio\/bfm.png\" \/><\/div>\n<p><label>BFM Business<\/label><\/a>\n<\/div>\n<div class=\"case\">\n<div class=\"logo\"><a  target=\"_blank\" href=\"http:\/\/www.fipradio.fr\/\"><img src=\"http:\/\/www.vernoux.info\/fichiers\/radio\/fip.png\" \/><\/div>\n<p><label>FIP<\/label><\/a>\n<\/div>\n<div class=\"case\">\n<div class=\"logo\"><a  target=\"_blank\" href=\"http:\/\/www.radioclassique.fr\"><img loading=\"lazy\" src=\"http:\/\/www.vernoux.info\/fichiers\/radio\/classique.png\" width=\"120\" height=\"65\" border=\"0\" \/><\/div>\n<p><label>Radio Classique<\/label><\/a>\n<\/div>\n<div class=\"case\">\n<div class=\"logo\"><a  target=\"_blank\" href=\"http:\/\/www.franceculture.fr\"><img loading=\"lazy\" class=\"logo\" src=\"http:\/\/www.vernoux.info\/fichiers\/radio\/culture.png\" width=\"120\" height=\"65\" border=\"0\" \/><\/div>\n<p><label>France Culture<\/label><\/a>\n<\/div>\n<div class=\"case\">\n<div class=\"logo\"><a  target=\"_blank\" href=\"http:\/\/www.francemusique.fr\/\"><img loading=\"lazy\" class=\"logo\" src=\"http:\/\/www.vernoux.info\/fichiers\/radio\/musique.png\" width=\"120\" height=\"65\" border=\"0\" \/><\/div>\n<p><label>France Musique<\/label><\/a>\n<\/div>\n<div class=\"case\">\n<div class=\"logo\"><a  target=\"_blank\" href=\"http:\/\/www.tsfjazz.com\"><img loading=\"lazy\" src=\"http:\/\/www.vernoux.info\/fichiers\/radio\/tsfjazz.png\" width=\"120\" height=\"65\" border=\"0\" \/><\/div>\n<p><label>TSF Jazz<\/label><\/a>\n<\/div>\n<div class=\"case\">\n<div class=\"logo\"><a  target=\"_blank\" href=\"http:\/\/www.jazzradio.fr\"><img src=\"http:\/\/www.vernoux.info\/fichiers\/radio\/jazz.png\" \/><\/div>\n<p><label>Jazz Radio<\/label><\/a>\n<\/div>\n<div class=\"case\">\n<div class=\"logo\"><a  target=\"_blank\" href=\"http:\/\/www.alouette.fr\"><img src=\"http:\/\/www.vernoux.info\/fichiers\/radio\/alouette.png\" \/><\/div>\n<p><label>Alouette<\/label><\/a>\n<\/div>\n<div class=\"case\">\n<div class=\"logo\"><a  target=\"_blank\" href=\"http:\/\/www.latina.fr\"><img loading=\"lazy\" src=\"http:\/\/www.vernoux.info\/fichiers\/radio\/latina.png\" width=\"120\" height=\"65\" border=\"0\" \/><\/div>\n<p><label>Radio Latina<\/label><\/a>\n<\/div>\n<div class=\"case\">\n<div class=\"logo\"><a  target=\"_blank\" href=\"http:\/\/www.generationsfm.com\"><img loading=\"lazy\" src=\"http:\/\/www.vernoux.info\/fichiers\/radio\/generations.png\" width=\"120\" height=\"65\" border=\"0\" \/><\/div>\n<p><label>Generations<\/label><\/a>\n<\/div>\n<div class=\"case\">\n<div class=\"logo\"><a  target=\"_blank\" href=\"http:\/\/www.rfi.fr\"><img loading=\"lazy\" src=\"http:\/\/www.vernoux.info\/fichiers\/radio\/rfi.png\" width=\"120\" height=\"65\" border=\"0\" \/><\/div>\n<p><label>RFI Monde<\/label><\/a>\n<\/div>\n<p><noscript> \t<link href='http:\/\/fonts.googleapis.com\/css?family=Open+Sans:400,700' rel='stylesheet' type='text\/css'><\/noscript><\/p>\n","protected":false},"excerpt":{"rendered":"<p>Parmi toutes les radios FM qui existent en France, il y en a s\u00fbrement une \u00e0 votre go\u00fbt dans cette liste. N\u00e9anmoins, radio.fr en a plus encore. Bonne \u00e9coute ! francebleu NRJ Fun Radio Ado Mouv&rsquo; Oui FM Contact Enjoy Virgin Radio Vibration Hot Mix Radio Radio FG Radio Nova [&#8230;]<\/p>\n","protected":false},"author":1,"featured_media":0,"parent":0,"menu_order":0,"comment_status":"closed","ping_status":"closed","template":"template-fullwidth.php","meta":{"kia_subtitle":"toute une liste de radio \u00e0 \u00e9couter sur le net"},"_links":{"self":[{"href":"http:\/\/vernoux.info\/vivre-en-ardeche\/wp-json\/wp\/v2\/pages\/879"}],"collection":[{"href":"http:\/\/vernoux.info\/vivre-en-ardeche\/wp-json\/wp\/v2\/pages"}],"about":[{"href":"http:\/\/vernoux.info\/vivre-en-ardeche\/wp-json\/wp\/v2\/types\/page"}],"author":[{"embeddable":true,"href":"http:\/\/vernoux.info\/vivre-en-ardeche\/wp-json\/wp\/v2\/users\/1"}],"replies":[{"embeddable":true,"href":"http:\/\/vernoux.info\/vivre-en-ardeche\/wp-json\/wp\/v2\/comments?post=879"}],"version-history":[{"count":30,"href":"http:\/\/vernoux.info\/vivre-en-ardeche\/wp-json\/wp\/v2\/pages\/879\/revisions"}],"predecessor-version":[{"id":910,"href":"http:\/\/vernoux.info\/vivre-en-ardeche\/wp-json\/wp\/v2\/pages\/879\/revisions\/910"}],"wp:attachment":[{"href":"http:\/\/vernoux.info\/vivre-en-ardeche\/wp-json\/wp\/v2\/media?parent=879"}],"curies":[{"name":"wp","href":"https:\/\/api.w.org\/{rel}","templated":true}]}}