{"id":672,"date":"2016-08-09T10:58:17","date_gmt":"2016-08-09T09:58:17","guid":{"rendered":"http:\/\/vernoux.info\/vivre-en-ardeche\/?page_id=672"},"modified":"2016-08-09T15:26:18","modified_gmt":"2016-08-09T14:26:18","slug":"professionnels-de-sante","status":"publish","type":"page","link":"http:\/\/vernoux.info\/vivre-en-ardeche\/professionnels-de-sante\/","title":{"rendered":"Trouver un professionnel de sant\u00e9"},"content":{"rendered":"<p>IL n&rsquo;y a plus qu&rsquo;\u00e0 s\u00e9lectionner une sp\u00e9cialit\u00e9 puis taper 07240, et s\u00e9lectionner Vernoux pour trouver la fiche correspondante.<br \/>\nMalheureusement les professionnels de la sant\u00e9 de Vernoux ne sont pas connect\u00e9s. Il faudra alors passer par les <a href=\"http:\/\/www.pagesjaunes.fr\/recherche\/vernoux-en-vivarais-07\/generaliste\" target=\"_blank\">pages jaunes<\/a> DESOLE !\n<!-- iframe plugin v.4.5 wordpress.org\/plugins\/iframe\/ -->\n<iframe src=\"http:\/\/www.mondocteur.fr\/recherche\/generaliste.html\" width=\"100%\" height=\"2700\" scrolling=\"yes\" class=\"iframe-class\" frameborder=\"0\"><\/iframe>\n<\/p>\n","protected":false},"excerpt":{"rendered":"<p>IL n&rsquo;y a plus qu&rsquo;\u00e0 s\u00e9lectionner une sp\u00e9cialit\u00e9 puis taper 07240, et s\u00e9lectionner Vernoux pour trouver la fiche correspondante. Malheureusement les professionnels de la sant\u00e9 de Vernoux ne sont pas connect\u00e9s. Il faudra alors passer par les pages jaunes DESOLE !<\/p>\n","protected":false},"author":1,"featured_media":0,"parent":0,"menu_order":0,"comment_status":"closed","ping_status":"closed","template":"template-fullwidth.php","meta":{"kia_subtitle":"<strong>prix du fioul en Ard\u00e8che<\/strong>"},"_links":{"self":[{"href":"http:\/\/vernoux.info\/vivre-en-ardeche\/wp-json\/wp\/v2\/pages\/672"}],"collection":[{"href":"http:\/\/vernoux.info\/vivre-en-ardeche\/wp-json\/wp\/v2\/pages"}],"about":[{"href":"http:\/\/vernoux.info\/vivre-en-ardeche\/wp-json\/wp\/v2\/types\/page"}],"author":[{"embeddable":true,"href":"http:\/\/vernoux.info\/vivre-en-ardeche\/wp-json\/wp\/v2\/users\/1"}],"replies":[{"embeddable":true,"href":"http:\/\/vernoux.info\/vivre-en-ardeche\/wp-json\/wp\/v2\/comments?post=672"}],"version-history":[{"count":10,"href":"http:\/\/vernoux.info\/vivre-en-ardeche\/wp-json\/wp\/v2\/pages\/672\/revisions"}],"predecessor-version":[{"id":698,"href":"http:\/\/vernoux.info\/vivre-en-ardeche\/wp-json\/wp\/v2\/pages\/672\/revisions\/698"}],"wp:attachment":[{"href":"http:\/\/vernoux.info\/vivre-en-ardeche\/wp-json\/wp\/v2\/media?parent=672"}],"curies":[{"name":"wp","href":"https:\/\/api.w.org\/{rel}","templated":true}]}}