{"id":1392,"date":"2016-08-19T23:16:19","date_gmt":"2016-08-19T22:16:19","guid":{"rendered":"http:\/\/vernoux.info\/vivre-en-ardeche\/?page_id=1392"},"modified":"2016-08-20T16:43:24","modified_gmt":"2016-08-20T15:43:24","slug":"programme-culturel-salle-louis-nodon","status":"publish","type":"page","link":"http:\/\/vernoux.info\/vivre-en-ardeche\/programme-culturel-salle-louis-nodon\/","title":{"rendered":"Programme culturel salle Louis Nodon"},"content":{"rendered":"<p><script type=\"text\/javascript\">\/\/ <![CDATA[\nfunction AfficherCacher(texte) { var test = document.getElementById(texte).style.display; if (test == \"block\") { document.getElementById(texte).style.display = \"none\"; } else { document.getElementById(texte).style.display = \"block\"; } }\n\/\/ ]]><\/script><\/p>\n<div id=\"AideEnLigne\" style=\"display: none;\">\n<h3>Le formulaire<\/h3>\n<p>&#8211; Quoi ? Saisissez un mot-cl\u00e9 comme festival, ap\u00e9ro, concert, h\u00e9bergement, restauration, etc pour trouver quoi faire<br \/>\n&#8211; Quand ? S\u00e9lectionner par les calendriers une p\u00e9riode de date<br \/>\n&#8211; O\u00f9 ? Saisissez une ville et le syst\u00e8me vous proposera des choix possibles<br \/>\nCliquez sur le <b>bouton Rechercher<\/b> pour afficher des r\u00e9sultats<\/p>\n<h3>Les r\u00e9sultats<\/h3>\n<p>Les <b>facettes<\/b> permettent de filtrer et de <b>r\u00e9duire<\/b> la liste des r\u00e9sultats<br \/>\nLa partie du milieu permet de <b>consulter la liste des \u00e9v\u00e9nements<\/b> et de les ajouter au panier<br \/>\nLa carte permet de <b>localiser<\/b> les \u00e9v\u00e9nements<br \/>\nLe panier permet d&rsquo;<b>exporter<\/b> votre s\u00e9lection (votre panier) ou votre recherche dans un fichier.<\/p>\n<\/div>\n<p>&nbsp;<\/p>\n\n<!-- iframe plugin v.4.5 wordpress.org\/plugins\/iframe\/ -->\n<iframe src=\"http:\/\/www.espace-culturel-nodon.fr\/\" width=\"100%\" height=\"3600\" scrolling=\"yes\" class=\"iframe-class\" frameborder=\"0\"><\/iframe>\n\n","protected":false},"excerpt":{"rendered":"<p>Le formulaire &#8211; Quoi ? Saisissez un mot-cl\u00e9 comme festival, ap\u00e9ro, concert, h\u00e9bergement, restauration, etc pour trouver quoi faire &#8211; Quand ? S\u00e9lectionner par les calendriers une p\u00e9riode de date &#8211; O\u00f9 ? Saisissez une ville et le syst\u00e8me vous proposera des choix possibles Cliquez sur le bouton Rechercher pour [&#8230;]<\/p>\n","protected":false},"author":1,"featured_media":0,"parent":0,"menu_order":0,"comment_status":"closed","ping_status":"closed","template":"template-fullwidth.php","meta":{"kia_subtitle":"Programme culturel salle Louis Nodon 07240 Vernoux"},"_links":{"self":[{"href":"http:\/\/vernoux.info\/vivre-en-ardeche\/wp-json\/wp\/v2\/pages\/1392"}],"collection":[{"href":"http:\/\/vernoux.info\/vivre-en-ardeche\/wp-json\/wp\/v2\/pages"}],"about":[{"href":"http:\/\/vernoux.info\/vivre-en-ardeche\/wp-json\/wp\/v2\/types\/page"}],"author":[{"embeddable":true,"href":"http:\/\/vernoux.info\/vivre-en-ardeche\/wp-json\/wp\/v2\/users\/1"}],"replies":[{"embeddable":true,"href":"http:\/\/vernoux.info\/vivre-en-ardeche\/wp-json\/wp\/v2\/comments?post=1392"}],"version-history":[{"count":4,"href":"http:\/\/vernoux.info\/vivre-en-ardeche\/wp-json\/wp\/v2\/pages\/1392\/revisions"}],"predecessor-version":[{"id":1486,"href":"http:\/\/vernoux.info\/vivre-en-ardeche\/wp-json\/wp\/v2\/pages\/1392\/revisions\/1486"}],"wp:attachment":[{"href":"http:\/\/vernoux.info\/vivre-en-ardeche\/wp-json\/wp\/v2\/media?parent=1392"}],"curies":[{"name":"wp","href":"https:\/\/api.w.org\/{rel}","templated":true}]}}